 5*s**3 - 219*s**2 + 671*s - 26. Determine m(3).
151
Let u(h) = 1377*h + 6994. Calculate u(-5).
109
Let h(a) = 580*a + 124693. What is h(-215)?
-7
Let p(b) = 2*b**2 + 168*b - 431. What is p(-70)?
-2391
Let j(l) = -4*l**3 + 226*l**2 + 1278*l - 66355. Give j(57).
-7
Let r(m) = 4*m**2 - 1275*m + 114. What is r(0)?
114
Let b(o) = 31*o**2 - 96*o - 395. Give b(-5).
860
Let c(i) = 7*i**3 - 45*i**2 - 601*i + 3710. Determine c(6).
-4
Let t(b) = b**3 - 2*b**2 - 1370*b - 12493. What is t(-10)?
7
Let c(o) = 4*o**2 - 959*o - 2892. What is c(-3)?
21
Let w(x) = -33637*x + 169073. Determine w(5).
888
Let o(k) = -18*k**2 + 4191*k - 4183. Determine o(1).
-10
Let s(j) = -2*j**3 - 2953*j**2 + 73561*j + 18008. Calculate s(-1501).
-4
Let k(j) = j**2 + 352*j + 17928. Calculate k(-64).
-504
Let d(n) = -1562*n - 1048425. Determine d(-671).
-323
Let a(x) = -7*x**2 + 62*x + 158. Calculate a(8).
206
Let p(l) = 5377*l - 123576. What is p(23)?
95
Let m(o) = -o**2 + 2000*o - 11923. Determine m(6).
41
Let u(j) = 87*j**2 - 1897*j + 15218. Determine u(8).
5610
Let a(h) = -79*h - 8418. Calculate a(-93).
-1071
Let u(x) = -2*x**2 - 145*x - 22. Calculate u(-5).
653
Let y(m) = 386981*m - 773971. Determine y(2).
-9
Let q(t) = t**3 + 88*t**2 - 2123*t + 18128. Calculate q(-109).
34
Let y(u) = 26*u**2 + 4559*u + 1564. Determine y(-175).
-11
Let c(j) = 13*j**3 + 6*j**2 + 25*j - 28. Calculate c(-5).
-1628
Let w(l) = 13720*l + 6956027. What is w(-507)?
-13
Let g(z) = 2*z**3 - 58*z**2 + 1035*z - 1852. Determine g(2).
2
Let x(m) = m**2 - 15752*m + 706835. What is x(45)?
20
Let m(b) = 265*b**2 - 2669*b - 4. Calculate m(9).
-2560
Let f(k) = -10909*k + 392498. What is f(36)?
-226
Let y(v) = -113*v**2 + 628*v + 1262. Determine y(-2).
-446
Let h(p) = -84*p**2 + 61*p - 109. Give h(2).
-323
Let q(m) = m**3 + 22*m**2 + 89*m - 329. What is q(-14)?
-7
Let g(l) = 20050*l - 240567. What is g(12)?
33
Let k(f) = f**2 - 52*f + 990. Calculate k(-39).
4539
Let b(u) = 7784*u - 93546. Calculate b(12).
-138
Let y(l) = 15137*l + 121058. Give y(-8).
-38
Let f(i) = -629*i**2 - 3774*i - 11. Give f(-6).
-11
Let c(d) = d**3 - 115*d**2 - 611*d + 70309. Give c(115).
44
Let y(t) = -t**3 + 6*t**2 + 600*t - 1812. Calculate y(3).
15
Let u(y) = y**3 - 12*y**2 - 10*y - 9. Determine u(10).
-309
Let h(p) = -249*p**3 - 2*p**2 - 106*p - 196. What is h(-2)?
2000
Let k(q) = 103*q - 6272. Calculate k(52).
-916
Let b(l) = 414*l - 104204. What is b(252)?
124
Let m(u) = -u**2 - 18828*u + 112999. Determine m(6).
-5
Let l(c) = c**2 - 1623*c + 94823. What is l(61)?
-459
Let o(t) = -68*t**2 - 56*t + 18. Calculate o(-4).
-846
Let j(c) = -25393*c - 406463. Determine j(-16).
-175
Let g(w) = 24192*w + 290410. Calculate g(-12).
106
Let u(j) = -j**2 - 9451*j + 94626. Determine u(10).
16
Let r(i) = 2*i**3 - 313*i**2 + 5*i + 225. Determine r(0).
225
Let v(l) = -2*l**3 - 76*l**2 - 381*l + 1651. Calculate v(-31).
8
Let g(k) = k**2 - 502*k + 40520. What is g(101)?
19
Let v(k) = 122*k + 24641. Determine v(-214).
-1467
Let a(o) = -8664*o - 95302. Calculate a(-11).
2
Let u(p) = p**3 - 166*p**2 - 2134*p - 320. Determine u(178).
36
Let g(x) = -3190*x + 118061. Calculate g(37).
31
Let x(q) = -2083*q**2 + 116646*q + 112. What is x(56)?
0
Let z(w) = -9572*w - 65993. Give z(-7).
1011
Let d(s) = 2*s**2 + 8005*s - 96361. What is d(12)?
-13
Let x(l) = 4*l**3 + 1532*l**2 + 14907*l - 4824. Give x(-373).
25
Let d(h) = 104*h + 14226. What is d(-137)?
-22
Let b(z) = 18*z + 2268. What is b(-132)?
-108
Let h(l) = 2215*l**2 - 914*l - 911. Give h(-1).
2218
Let f(h) = -22766*h + 10882152. Give f(478).
4
Let r(t) = 38*t - 3317. Calculate r(92).
179
Let p(c) = -2*c**3 - 23*c**2 + 8*c + 142. Give p(-10).
-238
Let h(y) = y**2 - 321*y - 7470. Calculate h(-22).
76
Let x(h) = -7*h**3 - 20*h**2 - 29*h - 99. Determine x(-6).
867
Let p(r) = 28738*r + 316052. Calculate p(-11).
-66
Let l(m) = -6*m**2 - 338*m + 4380. Calculate l(-66).
552
Let t(z) = -z**3 + 44*z**2 - 550*z - 162. Determine t(20).
-1562
Let k(f) = f**2 + 698*f + 116411. What is k(-422)?
-61
Let l(h) = 6*h**2 + 3349*h + 7315. Calculate l(-556).
87
Let w(p) = p**3 - 39*p**2 + 20*p + 402. Determine w(39).
1182
Let g(p) = 94*p + 5338. Determine g(-60).
-302
Let u(i) = -33*i**2 + 910*i + 39. Give u(34).
-7169
Let c(p) = -p**3 + 3*p**2 - 46*p + 245. What is c(5)?
-35
Let v(x) = -15090*x + 739417. Calculate v(49).
7
Let q(y) = -13705*y - 150882. Give q(-11).
-127
Let k(u) = 197196*u + 788813. Determine k(-4).
29
Let y(a) = -21*a**3 - 116*a**2 + 339*a + 2. Give y(3).
-592
Let v(d) = -d**3 - 556*d**2 + 5658*d - 1142. Calculate v(-566).
-10
Let t(s) = -6*s**2 + 3364*s - 3366. What is t(1)?
-8
Let a(j) = -j**3 + 28*j**2 + 799*j - 22190. Determine a(30).
-20
Let p(w) = 57*w**3 - 341*w**2 + 3591*w - 21590. Calculate p(6).
-8
Let l(j) = j**2 - 1631*j + 95807. Determine l(61).
37
Let w(b) = -b**3 - 339*b**2 + 732*b + 17074. Give w(-341).
24
Let g(l) = -1881*l + 11512. Calculate g(6).
226
Let h(a) = -466*a**2 + 23*a - 9. Determine h(1).
-452
Let j(p) = -5*p**2 - 466*p + 3113. Determine j(6).
137
Let w(i) = i**2 - 882*i - 9787. Give w(-11).
36
Let i(r) = r**3 + 104*r**2 + 1317*r + 9. What is i(-15)?
279
Let w(o) = 12*o**3 + 37*o**2 + 22. What is w(-6)?
-1238
Let a(z) = 2*z**2 + 25598*z + 358058. Determine a(-14).
78
Let s(n) = -n**2 - 36*n + 317. Calculate s(-5).
472
Let n(h) = -56*h**3 - 3*h**2 + 43*h - 84. Calculate n(2).
-458
Let b(g) = -12669*g + 50753. What is b(4)?
77
Let x(a) = -a**3 + 11*a**2 - 105*a + 1171. Give x(11).
16
Let j(q) = 620*q - 317705. Determine j(512).
-265
Let v(l) = -l**3 + 86*l**2 - 83*l - 147. Give v(85).
23
Let m(h) = h**3 + 83*h**2 + 120*h + 2986. Give m(-82).
-130
Let l(x) = 1097*x - 1057. Determine l(1).
40
Let d(s) = 1270*s**2 + 170178*s - 269. Calculate d(-134).
-1
Let u(c) = c**2 - 1651*c + 560701. What is u(478)?
7
Let x(j) = j**3 - 46*j**2 - 1500*j + 22256. Determine x(64).
-16
Let b(i) = 5*i**2 + 3762*i - 57118. Calculate b(15).
437
Let d(v) = 817*v**2 - 47*v - 45. What is d(-1)?
819
Let l(i) = 5*i**3 + 54*i**2 - 22*i - 153. What is l(-9)?
774
Let w(v) = 7202*v - 648125. What is w(90)?
55
Let z(d) = -d**3 + 239*d**2 - 244*d + 1732. What is z(238)?
304
Let q(l) = -l**3 - 17*l**2 + 211*l - 4. Determine q(-26).
594
Let x(f) = f**2 + 1396*f - 912371. Calculate x(485).
-86
Let j(r) = 2635*r**2 - 2855*r + 2854. Calculate j(1).
2634
Let b(u) = -81*u**2 + 6217*u - 4621. Determine b(76).
15
Let c(y) = 6*y**2 - 1281*y - 3146. What is c(216)?
94
Let o(z) = z**3 - 42*z**2 + 913*z - 1673. Determine o(2).
-7
Let v(k) = -46496*k + 2417784. Calculate v(52).
-8
Let d(r) = -48760*r + 146270. Determine d(3).
-10
Let o(f) = -136*f**3 + 4*f**2 - 75*f - 79. Calculate o(-1).
136
Let p(a) = 100*a**2 - 2656*a - 182348. Calculate p(58).
4
Let l(z) = -z**3 + 50*z**2 + 83*z - 8560. Calculate l(48).
32
Let g(u) = -152*u**2 + 502*u + 1034. What is g(-2)?
-578
Let s(u) = -31*u - 1642. Give s(-51).
-61
Let r(y) = 2*y**3 - 32*y**2 + 199*y - 2111. Give r(14).
-109
Let m(y) = -y**2 - 559*y + 31941. Give m(55).
-1829
Let d(m) = -5473*m + 1499606. What is d(274)?
4
Let t(z) = -65*z**2 - 8123*z + 300. Calculate t(-125).
50
Let l(x) = -435*x + 117. Determine l(1).
-318
Let f(j) = j**3 + 128*j**2 + 2777*j - 2197. Determine f(-100).
103
Let p(d) = -22*d**2 - 187*d + 932. Determine p(6).
-982
Let t(m) = -2*m**3 + 73*m**2 - 263*m + 918. Determine t(33).
-138
Let b(n) = -6773*n + 13973. Give b(2).
427
Let i(b) = 116*b - 2105. Calculate i(16).
-249
Let k(j) = 2*j**2 - 4648*j + 1990061. Give k(566).
5
Let g(l) = -6*l**2 - 297*l + 27. Determine g(-50).
-123
Let k(u) = -3*u**3 - 122*u**2 - 130*u - 1985. Calculate k(-40).
15
Let f(o) = -3*o**2 - 105*o + 11252. Give f(-81).
74
Let q(h) = -137*h**2 + 364*h + 157. What is q(4)?
-579
Let k(o) = 2*o**2 - 309*o + 5253. Determine k(135).
-12
Let y(n) = -192*n**2 - 7789*n - 21636. Calculate y(-3).
3
Let u(q) = 1975*q + 114361. Give u(-58).
-189
Let h(a) = -89*a**2 + 2361*a - 30. Give h(26).
1192
Let l(m) = -m**3 - 5*m**2 + 10*m - 114. Calculate l(-9).
120
Let h(x) = -x**3 + 23*x**2 + 2653*x - 61045. Calculate h(23).
-26
Let n(y) = -305268*y - 1526330. Calculate n(-5).
10
Let q(y) = -2*y**3 + 7*y**2 - 58*y - 260. Determine q(-7).
1175
Let j(a) = -51*a - 1351. Determine j(-27).
26
Let y(x) = 3*x**3 +